 21 a factor of 5639567782?
False
Is 24 a factor of 80549913?
False
Is 359 a factor of 1284143?
True
Is 304036 a multiple of 8?
False
Is 39679060 a multiple of 142?
True
Does 516 divide 16062185?
False
Does 5 divide 30244886?
False
Does 61 divide 33793634?
True
Does 89 divide 1128966513?
True
Is 145 a factor of 510939784?
False
Does 3 divide 174086993?
False
Does 114 divide 430300980?
True
Is 646357455 a multiple of 27?
True
Is 28723112 a multiple of 62?
True
Is 4717155079 a multiple of 77?
False
Is 81117718 a multiple of 22?
True
Is 77299610 a multiple of 191?
True
Is 244 a factor of 113648368?
True
Is 74432551 a multiple of 62?
False
Is 1989 a factor of 1448071848?
False
Is 6103 a factor of 4212461484?
True
Is 65851804 a multiple of 17?
False
Is 366412274 a multiple of 29?
True
Is 351 a factor of 188607393?
True
Is 1419976104 a multiple of 12?
True
Does 21 divide 56191338?
True
Is 280013630 a multiple of 30?
False
Is 27619761 a multiple of 3?
True
Is 947411840 a multiple of 16?
True
Is 135325600 a multiple of 2456?
True
Is 67079760 a multiple of 528?
True
Does 42 divide 2807417844?
True
Is 90884423 a multiple of 11?
False
Does 1449 divide 115973902?
False
Is 142 a factor of 10173164?
True
Is 5536282 a multiple of 958?
True
Is 733279427 a multiple of 2811?
False
Is 875733755 a multiple of 65?
True
Does 1614 divide 3335897514?
True
Is 287 a factor of 26326797?
True
Is 74609145 a multiple of 267?
True
Is 284704493 even?
False
Does 36 divide 144007560?
True
Is 9 a factor of 21278861?
False
Is 42 a factor of 31429146?
True
Is 3106629 a multiple of 32?
False
Does 7 divide 149332954?
False
Does 16 divide 92107693?
False
Does 2551 divide 984597341?
False
Does 9 divide 120579010?
False
Is 10 a factor of 81581340?
True
Is 3172934 even?
True
Is 17 a factor of 2073541?
True
Is 164777481 a multiple of 99?
True
Is 34 a factor of 152702398?
True
Is 201 a factor of 709445940?
False
Does 57 divide 17739763?
False
Is 26 a factor of 572397098?
True
Is 92 a factor of 17197376?
True
Is 6447 a factor of 368695505?
False
Is 97032529 a multiple of 11?
True
Is 979231447 a multiple of 59?
False
Is 53 a factor of 31918153?
False
Is 182637420 a multiple of 485?
True
Does 929 divide 886106212?
True
Does 5 divide 3120486?
False
Is 822 a factor of 1319973933?
False
Is 114442545 a multiple of 15?
True
Is 117642621 a multiple of 213?
False
Is 96779876 a multiple of 281?
False
Is 38712576 a multiple of 256?
True
Is 930171368 a multiple of 56?
True
Is 100334376 a multiple of 324?
True
Does 67 divide 4152021?
False
Is 3968882 a multiple of 205?
False
Does 13 divide 18656032?
False
Is 220 a factor of 11261800?
True
Is 2411643866 a multiple of 439?
True
Does 31 divide 21601792?
True
Is 41216102 a multiple of 10?
False
Is 74041710 a multiple of 365?
True
Is 96 a factor of 2184259?
False
Does 104 divide 209366456?
True
Does 104 divide 271453?
False
Is 240187607 a multiple of 19?
True
Is 23705800 a multiple of 50?
True
Is 16 a factor of 4739158?
False
Is 124 a factor of 215963732?
True
Is 17 a factor of 189766427?
True
Does 4 divide 374138436?
True
Is 19314255 a multiple of 545?
True
Does 63 divide 135303875?
False
Is 3373980848 a multiple of 98?
True
Is 65170509 a multiple of 1052?
False
Is 8 a factor of 24302416?
True
Is 1223 a factor of 262529522?
False
Does 37 divide 24699276?
True
Does 4466 divide 481443732?
True
Is 86488876 a multiple of 2731?
False
Is 9875 a factor of 842989250?
True
Does 1987 divide 188879867?
False
Is 70336536 a multiple of 8?
True
Does 4420 divide 124542340?
True
Is 1863 a factor of 168120305?
False
Is 173 a factor of 141345152?
True
Is 902 a factor of 50729786?
False
Does 9 divide 141793452?
True
Is 12 a factor of 105894372?
True
Is 28925656 a multiple of 175?
False
Does 79 divide 24566338?
False
Is 721241507 a multiple of 781?
False
Is 140930712 a multiple of 167?
False
Is 12800148 a multiple of 234?
False
Is 131 a factor of 927501091?
True
Does 23 divide 52352922?
True
Is 74 a factor of 3339284404?
False
Is 1048082574 a multiple of 7?
True
Is 294490194 a multiple of 147?
False
Is 65 a factor of 469231750?
True
Does 10 divide 36665743?
False
Does 509 divide 235063326?
True
Does 105 divide 11142284?
False
Does 981 divide 1004190840?
True
Is 46792773 a multiple of 961?
False
Is 69531888 a multiple of 16?
True
Does 10835 divide 2953956885?
True
Does 22 divide 220255262?
False
Is 72 a factor of 2644864416?
True
Is 25 a factor of 825819925?
True
Is 18 a factor of 984438?
True
Is 7456 a factor of 1944760978?
False
Does 2841 divide 125112380?
False
Is 42013980 a multiple of 6?
True
Is 12 a factor of 485408241?
False
Is 3 a factor of 30223417?
False
Does 1339 divide 1816885083?
True
Is 254 a factor of 36425011?
False
Does 20 divide 419981660?
True
Does 6 divide 45130483?
False
Is 26901945 a multiple of 315?
True
Is 4 a factor of 79980880?
True
Does 189 divide 451350522?
True
Is 45 a factor of 414092199?
False
Does 16 divide 26279552?
True
Does 11 divide 63696401?
False
Is 162 a factor of 2499929730?
True
Is 14 a factor of 739533046?
True
Does 30 divide 137020170?
True
Is 2755 a factor of 1307041974?
False
Is 2296 a factor of 193010057?
False
Is 1665366314 a multiple of 4099?
True
Does 816 divide 1995691200?
True
Is 3140094 a multiple of 60?
False
Is 2864878849 a multiple of 85?
False
Is 347818084 a multiple of 7252?
False
Is 234217305 a multiple of 21?
True
Does 3500 divide 987176587?
False
Is 1515 a factor of 634632704?
False
Is 200337060 a multiple of 420?
True
Does 2073 divide 2635141?
False
Is 6333 a factor of 4768981121?
False
Is 123100911 a multiple of 2446?
False
Does 150 divide 18103651?
False
Is 19255739 a multiple of 277?
False
Is 5260456 a multiple of 2?
True
Does 9053 divide 3996519274?
True
Is 6160 a factor of 251999440?
True
Is 32318066 a multiple of 2354?
True
Does 520 divide 7502040?
True
Is 33722910 a multiple of 185?
True
Is 28 a factor of 132963944?
False
Is 149399575 a multiple of 3034?
False
Is 75 a factor of 43059950?
False
Is 1143558168 a multiple of 18?
False
Is 1410789758 a multiple of 12?
False
Does 12 divide 10283964?
True
Is 73542046 a multiple of 431?
False
Is 447731440 a multiple of 130?
True
Is 37 a factor of 305663216?
True
Is 44533026 a multiple of 6?
True
Does 1781 divide 890022692?
True
Is 931590994 a multiple of 652?
False
Is 495 a factor of 49807945?
False
Is 227 a factor of 166004271?
False
Is 554948200 a multiple of 380?
True
Is 13256130 even?
True
Does 4517 divide 258819075?
False
Is 1909349 a multiple of 9?
False
Does 81 divide 12744273?
False
Does 17 divide 41733027?
False
Is 9308625 a multiple of 75?
True
Does 65 divide 1427396?
False
Is 320177731 a multiple of 27?
False
Is 25 a factor of 101136100?
True
Does 362 divide 447622050?
True
Does 167 divide 2757838?
True
Is 34149947 a multiple of 50?
False
Does 356 divide 6814699?
False
Is 107 a factor of 3160359490?
True
Is 73873944 a multiple of 2862?
True
Is 224726524 a multiple of 121?
True
Does 71 divide 1322239106?
True
Does 410 divide 5587552063?
False
Is 81820094 even?
True
Is 125 a factor of 273000070?
False
Does 14 divide 696940526?
False
Is 305561528 a multiple of 155?
False
Is 2 a factor of 27869111?
False
Is 592170766 a multiple of 1034?
True
Is 6900615 a multiple of 9?
True
Is 353906610 a multiple of 15?
True
Is 20061224 a multiple of 34?
True
Is 4263 a factor of 70446075?
True
Is 41041072 a multiple of 16?
True
Is 699 a factor of 22050654?
True
Is 8709855 a multiple of 35?
True
Does 34 divide 87586822?
True
Does 10 divide 48125854?
False
Is 8 a factor of 86553880?
True
Does 31 divide 576282?
False
Is 17 a factor of 26117916?
True
Does 6 divide 3818610?
True
Is 96 a factor of 47402954?
False
Is 194044990 a multiple of 4305?
False
Is 182407310 a multiple of 63?
False
Does 1781 divide 25785984?
False
Is 1134511665 a multiple of 15?
True
Is 83045381 a multiple of 11?
False
Is 388628490 a multiple of 1950?
False
Is 139 a factor of 63019264?
True
Is 107974043 a multiple of 36?
False
Does 98 divide 26966856?
True
Is 240 a factor of 1142046?
False
Is 7589918 a multiple of 386?
True
Does 1072 divide 239839621?
False
Does 1423 divide 2371149169?
True
Is 1959038004 a multiple of 21?
True
Does 41 divide 2187274012?
False
Does 45 divide 504774591?
False
Is 6972092 a m